 = -5*b. Calculate w(b).
6
Let y = -6727 - -6709. Let o(u) = u**2 + 7*u - 181. Give o(y).
17
Let j(c) = 2304665*c**3 - 7 - c + 0*c - 9*c**2 - 2304666*c**3. Suppose 4*x - q + 39 = 0, 0 = 6*x - x + 4*q + 33. Determine j(x).
2
Let d(s) = s**3 - s**2 + 5. Let f = -2 + 4. Suppose -f*q + 5*q - 4*o + 19 = 0, -3*q - 7 = -o. Let j(x) = x**2 - 2*x - 3. Let r be j(q). Determine d(r).
5
Let j(x) = x**2 - 7*x + 19. Let b be j(4). Let i(k) = 15*k**2 - 18*k + 10. Let y(t) = 7*t**2 - 9*t + 5. Let c(p) = -6*i(p) + 13*y(p). Determine c(b).
-9
Let t(l) = 5*l**3 - 2*l + 1. Let g(w) = 13*w - 167. Let h be g(-21). Let r = h + 441. Determine t(r).
4
Let s = 258 + -253. Let b(y) = -21 - 13*y + 0 + 4*y**2 - s*y**2 + 0*y**2. Calculate b(-11).
1
Let r(m) = -12*m**2 - 13*m + 102. Let q(k) = -19*k**2 - 18*k + 154. Let h(f) = 5*q(f) - 8*r(f). Calculate h(-17).
5
Let x(c) = 2338 - 4667 + 2360 + 5*c. Suppose 37 = -5*u + 7. What is x(u)?
1
Let t(a) = a**3 + 43*a**2 + 332*a + 29. Let s be t(-10). Let f(z) = z**3 - 9*z**2 + 5*z - 28. Give f(s).
17
Suppose -i - 4*i = 215. Let r = -41 - i. Let b(c) be the second derivative of 2*c**3/3 - c**2 + 11*c. Determine b(r).
6
Let z(y) = y**3 + 6*y**2 - 8*y - 12. Suppose -568 = 299*b + 1525. Calculate z(b).
-5
Let s(d) = d**3 - 7*d**2 - 2*d - 1. Let o = 93 + -90. Let k(r) = 15 + 7*r - 6*r**3 - 2 + 22*r**2 - 10 + o*r**3. Let b(c) = -2*k(c) - 7*s(c). Give b(5).
1
Let v(s) = -4*s**3 - 3*s**2 - 3*s. Let r(k) = -4*k**3 - 138*k**2 - 64*k + 133. Let n be r(-34). Give v(n).
90
Let o(y) = y**3 + 7*y**2 + 7*y. Let i = 822 - 781. Suppose i*c = 28*c - 65. Calculate o(c).
15
Let v(i) = -4 + 40*i - 108*i + 71*i. Give v(4).
8
Let p(u) be the first derivative of u**3/3 + u**2/2 - 2*u + 1064. What is p(3)?
10
Let q(h) = -2*h + 32. Let w(a) = -22*a + 381. Let z(d) = -60*q(d) + 5*w(d). What is z(-2)?
-35
Let x be (-6)/7 - (-11 - (-24)/(-140)*-65). Let z(o) = 33*o - 10. Give z(x).
-43
Let b = -215 - -218. Let l(u) = -3859*u**3 + 3*u + 4 - b*u + 3860*u**3. Determine l(-2).
-4
Let g(n) be the second derivative of -11*n - 2 - 1/20*n**5 - 2*n**2 - 5/6*n**3 - 5/12*n**4. What is g(-4)?
0
Let g(a) = a**2 - a - 1. Let w(r) = 3*r**2 + 7*r + 5. Let v(m) = g(m) - w(m). Suppose 7*k - 168 = k. Let j = k - 33. Calculate v(j).
-16
Let b(y) = -3*y + 15 - 16 + 16 + 14. Let o = -14672 - -14684. Calculate b(o).
-7
Suppose -49*m + 4 = -47*m. Let k(a) = 1 + 11*a**2 + 10*a**2 - 31*a**2 - 2*a + 9*a**m. Determine k(-3).
-2
Let f(d) = 4*d - 111. Let z = 6648 + -6618. Calculate f(z).
9
Let h(f) = -f**2 - 15*f + 16. Let z be -10 + 14 + -12 - 9. Calculate h(z).
-18
Let x(o) = o**2 + 7*o - 75. Let y = -25705 + 25691. Calculate x(y).
23
Suppose -i = 4*o + 10, -4*o - 2439 + 2345 = -5*i. Let c(h) = -6*h + 4. Calculate c(i).
-80
Let l(d) = d - 4. Let p = -966 - -670. Let q = p + 306. Determine l(q).
6
Let n(y) = y**2 + 8*y - 17. Let u be ((-5)/(-2))/(246/(-492)). Determine n(u).
-32
Let t(d) = 7*d + 55 + 47 - 194 + 47 + 39. Determine t(3).
15
Let m(o) = o**2 + 10*o - 22. Suppose -13*f - 12*f - 5*f - 360 = 0. Determine m(f).
2
Let c(l) = l**2 - 11*l + 32. Let m be c(5). Let a(x) = 22*x + 2 - 10*x**m + 8*x**2 - 31*x. Give a(-4).
6
Let j(g) = -424 + 32*g**2 + 13*g + 0*g + g**3 + 17*g + 812 - 407. What is j(-31)?
12
Let u(p) = 4*p + 165. Let q(s) = -s - 50. Let g(i) = -10*q(i) - 3*u(i). What is g(-3)?
11
Let p(f) = -f**3 - f**2 + 1. Let l(a) = 3*a**3 + 4*a**2 + a - 4. Let x(c) = -l(c) - 5*p(c). Let i be ((-28)/42)/(1/126) - -2. Let r = -84 - i. Calculate x(r).
-11
Let z(g) = g**2 - 7*g - 2. Suppose -17 = h - 6. Let d(x) = -3*x**2 + 18*x + 5. Let t(q) = h*z(q) - 4*d(q). Determine t(-3).
-4
Let u = 18 - 10. Let h = 22 - u. Let y(b) = -21 + h - 2*b + 3*b + 9. What is y(-7)?
-5
Let h(q) be the third derivative of -q**5/60 - 17*q**4/24 + 4*q**3/3 + 4709*q**2. What is h(-15)?
38
Let c(m) = 3*m**3 + 0 - 8 + 1 + 7*m**2 + m - 4*m**3. Let l(x) = x**3 + 40*x**2 - 279*x - 131. Let u be l(-46). What is c(u)?
0
Let v(q) = -q**2 - 42 - 26 + 73. Let z be (-1)/(-4) - (-147)/(-28). What is v(z)?
-20
Let h(k) be the second derivative of -k**4/12 + k**3/6 - k**2/2 + 99*k. Suppose 0 = n - 4 + 5, -5*n + 7 = 4*c. What is h(c)?
-7
Let q(u) be the first derivative of 1/4*u**4 - 1/2*u**2 + u**3 - 2*u - 36. Let z be q(-3). Let r(a) = 21*a**2. Give r(z).
21
Let f = -19 + 27. Let a be 166/18 + 4/(-36)*2. Let p(t) = -a*t + f*t - 3*t**2 + 2 + 0 - t**3 + 0*t. What is p(-3)?
5
Let l = 643 - 632. Let c(y) = -l*y**3 - 8*y + 5 - 43*y**2 + 32*y**2 - 3*y**3 + 13*y**3. Calculate c(-10).
-15
Suppose -3*g = 2*f - 5*f + 15, -24 = 4*g - 5*f. Let a(r) be the second derivative of -13*r**3/6 - r**2/2 - 81*r. Determine a(g).
12
Let q(j) = 2*j + 0*j + 3 - 1 - 4*j. Suppose -47 - 163 - 246 = -76*o. What is q(o)?
-10
Let v(p) = 0*p + p - 7*p + 4*p. Let g be v(-2). Let r(n) = 14*n + 6 - 10*n - 7*n. Determine r(g).
-6
Let s(v) = -2*v**2 + 20*v + 3. Let m be s(10). Let q(p) = 60*p + 1 + m - 27*p - 35*p. Calculate q(6).
-8
Let p(b) = -151 - 132 - 43 - 15*b + 125. What is p(-13)?
-6
Let h(c) = c. Let d be 3*(-3)/(18/32). Suppose 0 = 3*t - 964 + 1018. Let z = t - d. What is h(z)?
-2
Let d(w) = -6*w - 50. Let o = -5281 - -5274. Give d(o).
-8
Let n(o) = 10*o + 4. Suppose -90 + 82 = 8*z. Let g(s) be the third derivative of s**3/6 - 3*s**2. Let r(p) = z*n(p) + 6*g(p). Calculate r(2).
-18
Suppose 1 = 2*x - 3*x. Let s = 952 + -951. Let b be -4 - (x/s - 7). Let k(c) = 2*c + 2. Calculate k(b).
10
Let r be (-64)/(-6) - (-1)/3. Let c(j) = -j**3 + 12*j**2 - 9*j - 18. What is c(r)?
4
Let f(w) be the third derivative of w**5/60 + 7*w**4/8 + 31*w**3/3 - 2*w**2 + 207*w. Give f(-18).
8
Suppose -6*j + 3 = -9. Suppose 3*w + 141 = 3*o, -j*o + w = -0*w - 89. Let y(r) = o*r + 9*r**2 - 43*r - 19*r**2. Give y(1).
-11
Let k(i) = 152*i**2 + 2*i + 50. Let o(q) = -71*q**2 - 25. Let l(x) = -7*k(x) - 15*o(x). What is l(12)?
1
Let o = 3082 - 3081. Let h(w) = 67*w**3 - 1. Calculate h(o).
66
Suppose i = 4*m + 3, 8*i - 12*i - 18 = -m. Let u(g) = g**3 + 5*g**2 - 12. Determine u(i).
-12
Let i(r) be the first derivative of -r**2/2 + 4*r + 2. Let f = -16 - -9. Let o(b) = -4*b**2 - 31*b - 28. Let p be o(f). Calculate i(p).
11
Let i(w) = 992*w - 2969. Let q be i(3). Let l(b) = -b**3 + 10*b**2 - 8*b - 2. Give l(q).
89
Let t(l) = l - 11. Suppose 4*k - 4*d + 154 - 114 = 0, d = 6. Calculate t(k).
-15
Let p(y) = 2*y**2 - 21*y + 22. Let c = 9844 - 9835. What is p(c)?
-5
Let y(j) = -38*j - 89. Let k be y(-2). Let a(s) = -5*s - 85. Give a(k).
-20
Let b(j) = 3*j - 2. Let i(o) be the third derivative of -1/120*o**6 + 36*o**2 - 1/12*o**5 + 0 + 1/2*o**3 + 0*o**4 + 0*o. Let t be i(-5). Determine b(t).
7
Suppose 201 = 13*t + 58. Let i(y) = -t*y + y + y**3 - 8 - 5*y + 6*y - 9*y**2. Let n = 24 - 14. Give i(n).
2
Let s(u) = -u**2 - u - 2. Suppose -5*g + 0*y + 65 = y, g - 32 = -4*y. Let w be ((-7)/(26 + -5))/(2/g). Calculate s(w).
-4
Let h(i) be the second derivative of 1/6*i**3 + 1/20*i**5 + 0*i**4 + 22 - 2*i - 25/2*i**2. Calculate h(0).
-25
Suppose 15 - 33 = -6*k. Let l(j) = -186 + j - k*j + 390 - 193 + 3*j. What is l(-11)?
0
Let c(l) = -2*l**2 + 6*l + 4. Suppose 14*i + 23*i = -43*i + 400. Calculate c(i).
-16
Let n(r) = 5*r**3 + 31*r**2 + 4*r - 10. Suppose 140*g - 96*g - 282 = 91*g. Determine n(g).
2
Let o(t) = -2*t**2 - 5*t + 47. Let p(j) = j**2 + 3*j - 25. Let z(f) = -4*o(f) - 7*p(f). Calculate z(5).
7
Let u(a) = -19*a**2 + 10*a + 62. Let v(y) = -14*y**2 + 11*y + 57. Let x(n) = -3*u(n) + 4*v(n). Calculate x(-7).
-7
Let g(x) be the second derivative of x**5/30 + x**4/24 - x**3/3 - 6*x**2 - 179*x. Let z(w) be the first derivative of g(w). Determine z(3).
19
Let i(m) = -2*m + 10. Let z(l) = -14*l + 85. Let q(x) = 6*i(x) - z(x). Determine q(12).
-1
Let a = 25 - 22. Let g(d) = a - 7 - 1 - 4*d + d**2 + 2. Let y be 0 + 1 + -1 + 3. Calculate g(y).
-6
Let l be (-590)/177*12/10. Let f(z) = z**2 + 8*z + 12. What is f(l)?
-4
Let z be 16/104 - 5884/52. Let j = z - -115. Let t(y) = -6*y + 11 + 0 + y**j + 13*y + 5*y. Calculate t(-10).
-9
Let z be 1639/(-5) + (-24)/20. Let i = z - -322. Let l(k) = k**2 + 5*k. Calculate l(i).
14
Let t(x) be the first derivative of -x**5/60 + x**3/3 + x**2 + 71*x + 92. Let b(c) be the second derivative of t(c). Give b(5).
-23
Let g(q) = 22*q**2 - 12 + 22*q**2 + 4 - 64*q**2 + 21*q**2